ts digit of v(h)?
3
Let k = 36643 - 21070. What is the units digit of k?
3
Let o = 267 + -238. Suppose 25*p - o*p + 5816 = 0. What is the tens digit of p?
5
Let g = -1175 + 1213. Suppose 0 = 3*n + 2*n - 55. Suppose -g = -3*w - n. What is the units digit of w?
9
Let o(x) = -2*x**3 + 3*x**2 + x + 2. Let w = -16 - -19. Let d be o(w). Let k = d + 40. What is the tens digit of k?
1
Let l = 2018 - 39. What is the tens digit of l?
7
What is the ten thousands digit of ((-24)/72)/(5/(-551160))?
3
Let j be 32600/30 - 1/(-3). Suppose -9*g = -j - 3260. What is the units digit of g?
3
Let i = 216 - -1073. What is the thousands digit of i?
1
Suppose 357*d - 25480 = 350*d. What is the hundreds digit of d?
6
Let v(l) = -l**3 + 37*l**2 - 21*l + 14. Let d be v(36). Suppose -u + d - 189 = 0. What is the tens digit of u?
6
Let s(k) = -53*k**3 + 3*k**2 - k - 8. Let a(m) = 26*m**3 - m**2 + 3. Let j(y) = -5*a(y) - 2*s(y). What is the units digit of j(-2)?
5
Suppose -i + 3*l + 631 = 0, -393 = 3*i - 4*l - 2276. Suppose -2*z + i = -981. Suppose j = 6*j - 4*h - z, -5*j = -2*h - 799. What is the tens digit of j?
5
Suppose 2*l - r = 9, -3*l + 0*l + 46 = 5*r. Let x be (-3)/l - 44/28 - 4. Let w(b) = -24*b - 59. What is the tens digit of w(x)?
8
Let y = -66281 + 98528. What is the thousands digit of y?
2
Suppose -5*f + 75070 + 40906 = 2*l, -3*f = 4*l - 231966. What is the units digit of l?
3
Let i(u) = u**3 + 16*u**2 - 15*u + 38. Let w be i(-17). Suppose 2*l - 3*l = 5*c - 3000, 0 = -w*l + 20. What is the tens digit of c?
9
Let h(v) = 540 - 43*v - 47*v - 388. What is the tens digit of h(-9)?
6
Let j be 7/(7 + 7) - 1227/(-2). Suppose 5*d - j = 156. Let w = d + -40. What is the tens digit of w?
1
Let y = -4462 + 10887. What is the tens digit of y?
2
Let x be 2/((-3)/18*-1). Let d be (-1634)/(-12) + (-2)/x. Suppose -289 = -3*z - d. What is the tens digit of z?
5
Suppose 29*l = 28*l + 270. Let n = 1242 + l. What is the hundreds digit of n?
5
Let w be (381/2*1)/(51/(-1122)). Let i = -2500 - w. What is the tens digit of i?
9
Suppose -10*n - 40 = -18*n. Suppose 2*o = -n*m + 164, -m - 79 = -o - 2*m. Let l = o + -46. What is the tens digit of l?
3
Let i(z) = -315*z**3 + z + 1. Let k be i(-1). Let l(v) = -5*v**2 + 5*v - 70. Let g be l(6). Let w = g + k. What is the tens digit of w?
9
What is the thousands digit of 485024/28 - (1/7 - (-11)/77)?
7
Let f(u) = -u**2 + 4*u + 30. Let p be f(9). What is the units digit of ((-340)/p)/((-80)/42 - -2)?
8
Suppose 21273 = 6*i - 1425. What is the units digit of i?
3
Let i be 4 + ((-5)/10)/((-1)/(-6)). Let o(f) = -81*f - 2. Let u(r) = 80*r + 1. Let h(v) = 3*o(v) + 4*u(v). What is the units digit of h(i)?
5
Let o(s) = -s. Let h(c) = 17*c**2 - 7*c + 5. Let f(k) = h(k) - 6*o(k). What is the hundreds digit of f(4)?
2
Let j = 878 + 2343. What is the tens digit of j?
2
Let l = -52 + -77. Let k(a) = a**3 + 11*a**2 + a + 36. Let f be k(-9). Let n = l + f. What is the tens digit of n?
6
Suppose 640*z - 636*z = 36. What is the tens digit of (-38896)/(-24) + 3/z?
2
Let n = -2529 - -759. Let w = -1077 - n. What is the units digit of w?
3
Let a(x) = -56*x + 113. Let i be a(11). Let j = i - -756. What is the units digit of j?
3
Suppose 2*x - 100 = 320. Suppose 223*f = 221*f + x. What is the tens digit of f?
0
Let x be (-23)/(-25)*5 + 3/(-5). Suppose x*m + 5*s = 1490, m + s - 371 = -s. What is the units digit of m?
5
Suppose -40*w = -30*w - 2320. Let y = w - 117. What is the units digit of y?
5
Let n be 7 + (2 - 4) - (-1 + -2). Suppose n*v = 2*v + 1128. Let f = -97 + v. What is the units digit of f?
1
Let w = -2387 - -4531. Suppose -w = 178*f - 186*f. What is the tens digit of f?
6
Let h(o) = 2 + 7*o + 12 + 9. Let a(q) = -q**3 - 3*q**2 + 5*q - 15. Let c be a(-5). What is the tens digit of h(c)?
9
Let c(y) = -157*y - 1. Let f be c(-1). Suppose 209*s + 10 = 214*s + v, -4 = -2*s + 3*v. Suppose -p + f - 5 = b, s*b = -8. What is the hundreds digit of p?
1
What is the units digit of (-5)/2*(-126)/(-105) + 5369?
6
Suppose 3 = 4*v + 2*i + 17, 0 = -2*v + 4*i - 32. Suppose 2*m = -2, 7*p - 4*p + 5 = m. What is the units digit of (v - (-3 + 7))*p?
0
Suppose 546848 = -0*i + 17*i + 6*i. What is the units digit of i?
6
Suppose 3*b - 4*i = b - 74, 0 = 2*b - 5*i + 76. Let s = b + 38. Suppose 4*l - s*l = -r + 72, -l - 141 = -2*r. What is the units digit of r?
9
Suppose -11*k + 0*k + 128092 = -92062. What is the hundreds digit of k?
0
Suppose -9*x = -26015 + 1427. What is the thousands digit of x?
2
Let o(i) = 100*i + 130 - 142 + 107*i + 18*i. What is the tens digit of o(2)?
3
Let q be (-6)/4*(-50)/25. Suppose 2*z - 24 = -0*z. Suppose z = 5*g - q, -3*g = 4*v - 141. What is the tens digit of v?
3
Suppose -n = 4*h - 23, 0 = -h - 2*h + 5*n. Suppose -2700 = -3*w - 3*o, h*w - 3*w - 1794 = 4*o. What is the hundreds digit of w?
8
Let k be (-52)/(-10) + (-11)/55. Suppose 850 = k*w - 5*s, -4*s = -3*w - 3*s + 516. What is the hundreds digit of w?
1
Let j(v) = -v**3 - 60*v**2 - 36*v - 465. What is the hundreds digit of j(-63)?
7
Suppose c = 3*q - 49289 - 33513, 0 = -c - 2. What is the ten thousands digit of q?
2
Let t = 19 - 50. Let u = 22 + t. Let y(d) = d**2 + d + 1. What is the tens digit of y(u)?
7
Suppose -72*j + 81850 = -138*j + 76*j. What is the thousands digit of j?
8
Suppose -800*k + 614*k = -16547118. What is the units digit of k?
3
What is the hundreds digit of (76260/(-328))/(2*(-2)/96)?
5
Let f = 21 - 17. What is the tens digit of (2 - 0/f) + 212?
1
Let k(u) = -u + 3. Let h be k(-1). Suppose -6*t = -h*t - 304. Let d = t + -108. What is the units digit of d?
4
What is the hundreds digit of ((-4368)/(-65))/(1/((-430)/(-4)))?
2
Suppose -7 - 9 = 4*f, -f = r - 2. Suppose 1191 + 39 = r*i. What is the tens digit of i?
0
Suppose -2*q + 11446 = -4*y + 1932, 0 = -3*q - 5*y + 14282. What is the hundreds digit of q?
7
Let i be (-1)/(-2)*(-16 - -22). Let t(m) = 207*m + 80. What is the units digit of t(i)?
1
Let k(m) = -20*m**2 - 40*m + 652 - 243 - 225 - 258 + m**3. What is the tens digit of k(22)?
1
Let m(o) = 2*o + 41. Let v be m(-18). Suppose v*u + 20 = 0, -3*k + 37 + 504 = -4*u. Suppose -5*s + 205 = -t + 5*t, 4*s = -t + k. What is the units digit of s?
5
Let s be 1/((-3)/81) + -1. Let t(j) = 2*j**3 + 57*j**2 + 6*j - 65. What is the units digit of t(s)?
1
Suppose 24*c - 89010 - 249798 = 0. What is the hundreds digit of c?
1
Let d = -13567 + 19347. What is the tens digit of d?
8
Let y = 3361 - 1481. Suppose -7*c + y = 396. What is the tens digit of c?
1
Let p(z) = 6*z**2 + 189*z + 6836. What is the units digit of p(-67)?
7
Suppose -8*k + 13 = 437. Let f = 58 + k. Suppose -18 = -f*m + a - 1, -16 = -2*m + 5*a. What is the units digit of m?
3
Let i(s) = 2*s**3 - 2*s**2 + 4*s - 2. Let x be i(1). Suppose 3*g - x*b = 107, -4*g = -2*b - 180 + 36. What is the tens digit of g?
3
Let n = -3525 - -6888. What is the thousands digit of n?
3
Let p be -3*1468/(-21) + 6/21. Let u = p + 11. What is the tens digit of u?
2
Let v = -99 + 105. What is the hundreds digit of (-1 - (-819)/(-6))/(v/(-12))?
2
Let d = -375 + 249. Suppose 25*o = 21*o - 428. Let a = o - d. What is the units digit of a?
9
Let a = 8584 - 3937. What is the units digit of a?
7
Let c(m) = 15028*m**2 - 149*m - 4. What is the units digit of c(-1)?
3
Let p(x) = 28*x - 38. Let a be ((-3)/5)/(1/(-10)). Let t = a - 0. What is the units digit of p(t)?
0
What is the tens digit of (-46221)/(-42) + (-2)/(-20) + 2/5?
0
Let m(r) = r**3 - 6*r**2 - 16*r + 2. Let k be m(8). Suppose -k*q = -3*q + 7165. What is the units digit of (-10)/45 + q/45?
9
Let h be 25/8 - (-3 + -2)/(-40). Let i = 26 + 25. Suppose h*m - 102 = -3*u - 15, -i = -2*m + 5*u. What is the units digit of m?
8
Let a be 31 + -34 + (6732 - 2). Suppose -18*c + 5279 = -a. What is the hundreds digit of c?
6
Let g(z) = 25451*z**2 - 103*z + 105. What is the thousands digit of g(1)?
5
Let b(f) = 2*f - 38. Let r be b(20). Suppose -r*u - 122 = -672. What is the units digit of u?
5
Let f be (-5)/40 - 15/8. Let d(i) = 2*i**3 + 3*i**2 - 3*i - 6. Let k be d(f). What is the units digit of ((-12)/k - -79) + -4?
8
Let y(n) = 2*n**2 + 2*n + 5. Let w be y(0). Suppose -d + i + w = d, -4*d + 28 = 4*i. Suppose -l + 335 = d*l. What is the units digit of l?
7
Let x = 39167 + -8395. What is the thousands digit of